{"id":3262,"date":"2017-09-25T06:34:22","date_gmt":"2017-09-25T06:34:22","guid":{"rendered":"http:\/\/demo.zozothemes.com\/induzy\/?page_id=4"},"modified":"2025-12-18T12:33:12","modified_gmt":"2025-12-18T09:33:12","slug":"home","status":"publish","type":"page","link":"https:\/\/kalegalvaniz.com\/","title":{"rendered":"Home"},"content":{"rendered":"<div class=\"wpb-content-wrapper\"><p>[vc_row css=&#8221;.vc_custom_1529474505738{margin-top: -85px !important;padding-top: 0px !important;padding-right: 15px !important;padding-bottom: 0px !important;padding-left: 15px !important;}&#8221; el_class=&#8221;sep-content&#8221;][vc_column width=&#8221;1\/3&#8243; css=&#8221;.vc_custom_1527858277658{padding-top: 40px !important;padding-right: 20px !important;padding-bottom: 40px !important;padding-left: 20px !important;background-image: url(https:\/\/kalegalvaniz.com\/wp-content\/uploads\/2018\/06\/feature-1.jpg?id=3010) !important;background-position: center !important;background-repeat: no-repeat !important;background-size: cover !important;}&#8221;]<div class=\"section-title-wrapper margin-bottom-0 text-center shortcode-rand-1 induzy-inline-css\" data-css=\"&quot;.shortcode-rand-1 .title-wrap { margin: 0px; }.shortcode-rand-1.section-title-wrapper .sub-title { color: #ffffff; }.shortcode-rand-1 .section-title { color: #ffffff; text-transform: none; }&quot;\"><div class=\"title-wrap\"><h3 class=\"section-title\">S\u0131cak Dald\u0131rma Galvanizleme<\/h3><span class=\"sub-title\">%99 Zaman\u0131nda Teslim<\/span><\/div><!-- .title-wrap --><div class=\"section-description\"><\/div><!-- .section-description --><\/div><!-- .section-title-wrapper -->[\/vc_column][vc_column width=&#8221;1\/3&#8243; css=&#8221;.vc_custom_1527858310122{padding-top: 40px !important;padding-right: 20px !important;padding-bottom: 40px !important;padding-left: 20px !important;background-image: url(https:\/\/kalegalvaniz.com\/wp-content\/uploads\/2018\/06\/feature-2.jpg?id=3011) !important;background-position: center !important;background-repeat: no-repeat !important;background-size: cover !important;}&#8221;]<div class=\"section-title-wrapper margin-bottom-0 text-center shortcode-rand-2 induzy-inline-css\" data-css=\"&quot;.shortcode-rand-2 .title-wrap { margin: 0px; }.shortcode-rand-2.section-title-wrapper .sub-title { color: #ffffff; }.shortcode-rand-2 .section-title { color: #fc8902; text-transform: none; }&quot;\"><div class=\"title-wrap\"><h3 class=\"section-title\">Santrif\u00fcj Kaplama<\/h3><span class=\"sub-title\">&amp;\u00c7evre dostu<\/span><\/div><!-- .title-wrap --><div class=\"section-description\"><\/div><!-- .section-description --><\/div><!-- .section-title-wrapper -->[\/vc_column][vc_column width=&#8221;1\/3&#8243; css=&#8221;.vc_custom_1527858339135{padding-top: 40px !important;padding-right: 20px !important;padding-bottom: 40px !important;padding-left: 20px !important;background-image: url(https:\/\/kalegalvaniz.com\/wp-content\/uploads\/2018\/06\/feature-3.jpg?id=3012) !important;background-position: center !important;background-repeat: no-repeat !important;background-size: cover !important;}&#8221;]<div class=\"section-title-wrapper margin-bottom-0 text-center shortcode-rand-3 induzy-inline-css\" data-css=\"&quot;.shortcode-rand-3 .title-wrap { margin: 0px; }.shortcode-rand-3.section-title-wrapper .sub-title { color: #ffffff; }.shortcode-rand-3 .section-title { color: #fc8902; text-transform: none; }&quot;\"><div class=\"title-wrap\"><h3 class=\"section-title\">Mekanik Dayan\u0131kl\u0131l\u0131k<\/h3><span class=\"sub-title\">Darbelere kar\u015f\u0131 ek bir koruma sa\u011flar.<\/span><\/div><!-- .title-wrap --><div class=\"section-description\"><\/div><!-- .section-description --><\/div><!-- .section-title-wrapper -->[\/vc_column][\/vc_row][vc_row][vc_column][vc_row_inner css=&#8221;.vc_custom_1527250579528{margin-bottom: 50px !important;}&#8221;][vc_column_inner offset=&#8221;vc_col-lg-4 vc_col-md-4&#8243;]<div class=\"section-title-wrapper text-left shortcode-rand-4 induzy-inline-css\" data-css=\"&quot;.shortcode-rand-4 .title-separator.separator-border { background-color: ; }.shortcode-rand-4 .section-title { text-transform: none; }&quot;\"><div class=\"title-wrap\"><h2 class=\"section-title\">Galvanizin Avantajlar\u0131<\/h2><span class=\"title-separator separator-border theme-color-bg\"><\/span><\/div><!-- .title-wrap --><div class=\"section-description\">Galvaniz, demir veya \u00e7eli\u011fin y\u00fczeyine koruyucu bir \u00e7inko tabakas\u0131 kaplanarak korozyondan korunmas\u0131n\u0131 sa\u011flayan bir y\u00f6ntemdir. Bu y\u00f6ntem, metallerin oksitlenmesini \u00f6nleyerek \u00f6mr\u00fcn\u00fc uzat\u0131r ve dayan\u0131kl\u0131l\u0131\u011f\u0131n\u0131 art\u0131r\u0131r.<p><a class=\"btn default\" href=\"https:\/\/kalegalvaniz.com\/\" title=\"Devam\u0131..\">Devam\u0131..<\/a><\/p><\/div><!-- .section-description --><\/div><!-- .section-title-wrapper -->[\/vc_column_inner][vc_column_inner offset=&#8221;vc_col-lg-4 vc_col-md-4&#8243;]<div class=\"feature-box-wrapper feature-box-style-1 text-left shortcode-rand-5 induzy-inline-css\" data-css=\"&quot;.shortcode-rand-5.feature-box-wrapper {background: -moz-linear-gradient(141deg,  0%,  51%,  75%);\\r\\n\\t\\t\\t\\tbackground: -webkit-linear-gradient(141deg,  0%,  51%,  75%);\\r\\n\\t\\t\\t\\tbackground: linear-gradient(141deg,  0%,  51%,  75%);}.shortcode-rand-5 .feature-box-icon { font-size: 24px; }.shortcode-rand-5 .feature-box-icon { height: 48px; width: 48px; }.shortcode-rand-5 .feature-box-icon &gt; span { line-height: 2; }.shortcode-rand-5:hover .feature-box-icon { background: none; }&quot;\" ><div class=\"feature-box-thumb\"><img loading=\"lazy\" decoding=\"async\" class=\"img-fluid squared\" src=\"https:\/\/kalegalvaniz.com\/wp-content\/uploads\/2017\/11\/agri-1170x694-1.jpg\" width=\"1170\" height=\"694\" alt=\"Galvanizleme (Hot-Dip Galvanizing)\" \/><\/div><!-- .feature-box-thumb --><div class=\"feature-box-title\"><h4 class=\"section-title\">Galvanizleme (Hot-Dip Galvanizing)<\/h4><\/div><!-- .feature-box-title --><div class=\"feature-box-content\">Demir veya \u00e7elik malzemeler, erimi\u015f \u00e7inko banyosuna dald\u0131r\u0131l\u0131r. Bu y\u00f6ntem, y\u00fczeye kal\u0131n ve dayan\u0131kl\u0131 bir \u00e7inko kaplama sa\u011flar.<\/div><!-- .feature-box-content --><\/div><!-- .feature-box-wrapper -->[\/vc_column_inner][vc_column_inner offset=&#8221;vc_col-lg-4 vc_col-md-4&#8243;]<div class=\"feature-box-wrapper feature-box-style-1 text-left shortcode-rand-6 induzy-inline-css\" data-css=\"&quot;.shortcode-rand-6.feature-box-wrapper {background: -moz-linear-gradient(141deg,  0%,  51%,  75%);\\r\\n\\t\\t\\t\\tbackground: -webkit-linear-gradient(141deg,  0%,  51%,  75%);\\r\\n\\t\\t\\t\\tbackground: linear-gradient(141deg,  0%,  51%,  75%);}.shortcode-rand-6 .feature-box-icon { font-size: 24px; }.shortcode-rand-6 .feature-box-icon { height: 48px; width: 48px; }.shortcode-rand-6 .feature-box-icon &gt; span { line-height: 2; }.shortcode-rand-6:hover .feature-box-icon { background: none; }&quot;\" ><div class=\"feature-box-thumb\"><img loading=\"lazy\" decoding=\"async\" class=\"img-fluid squared\" src=\"https:\/\/kalegalvaniz.com\/wp-content\/uploads\/2017\/11\/chemical-1170x694-1.jpg\" width=\"1170\" height=\"694\" alt=\"Elektro Galvanizleme (Electro-Galvanizing)\" \/><\/div><!-- .feature-box-thumb --><div class=\"feature-box-title\"><h4 class=\"section-title\">Elektro Galvanizleme (Electro-Galvanizing)<\/h4><\/div><!-- .feature-box-title --><div class=\"feature-box-content\">Elektrik ak\u0131m\u0131 kullan\u0131larak \u00e7inko iyonlar\u0131n\u0131n demir veya \u00e7elik y\u00fczeyine kaplanmas\u0131 sa\u011flan\u0131r. Bu y\u00f6ntemle daha ince ve d\u00fczg\u00fcn bir kaplama elde edilir.<\/div><!-- .feature-box-content --><\/div><!-- .feature-box-wrapper -->[\/vc_column_inner][\/vc_row_inner][vc_row_inner][vc_column_inner offset=&#8221;vc_col-lg-4 vc_col-md-4&#8243;]<div class=\"feature-box-wrapper feature-box-style-1 text-left shortcode-rand-7 induzy-inline-css\" data-css=\"&quot;.shortcode-rand-7.feature-box-wrapper {background: -moz-linear-gradient(141deg,  0%,  51%,  75%);\\r\\n\\t\\t\\t\\tbackground: -webkit-linear-gradient(141deg,  0%,  51%,  75%);\\r\\n\\t\\t\\t\\tbackground: linear-gradient(141deg,  0%,  51%,  75%);}.shortcode-rand-7 .feature-box-icon { font-size: 24px; }.shortcode-rand-7 .feature-box-icon { height: 48px; width: 48px; }.shortcode-rand-7 .feature-box-icon &gt; span { line-height: 2; }.shortcode-rand-7:hover .feature-box-icon { background: none; }&quot;\" ><div class=\"feature-box-thumb\"><img loading=\"lazy\" decoding=\"async\" class=\"img-fluid squared\" src=\"https:\/\/kalegalvaniz.com\/wp-content\/uploads\/2017\/11\/material-1170x694-1.jpg\" width=\"1170\" height=\"694\" alt=\"Termal Sprey Galvanizleme (Thermal Spray Galvanizing)\" \/><\/div><!-- .feature-box-thumb --><div class=\"feature-box-title\"><h4 class=\"section-title\">Termal Sprey Galvanizleme (Thermal Spray Galvanizing)<\/h4><\/div><!-- .feature-box-title --><div class=\"feature-box-content\">Erimi\u015f \u00e7inko, y\u00fcksek s\u0131cakl\u0131kta p\u00fcsk\u00fcrt\u00fclerek metal y\u00fczeye uygulan\u0131r. \u00d6zellikle b\u00fcy\u00fck y\u00fczeyler i\u00e7in uygundur.<\/div><!-- .feature-box-content --><\/div><!-- .feature-box-wrapper -->[\/vc_column_inner][vc_column_inner offset=&#8221;vc_col-lg-4 vc_col-md-4&#8243;]<div class=\"feature-box-wrapper feature-box-style-1 text-left shortcode-rand-8 induzy-inline-css\" data-css=\"&quot;.shortcode-rand-8.feature-box-wrapper {background: -moz-linear-gradient(141deg,  0%,  51%,  75%);\\r\\n\\t\\t\\t\\tbackground: -webkit-linear-gradient(141deg,  0%,  51%,  75%);\\r\\n\\t\\t\\t\\tbackground: linear-gradient(141deg,  0%,  51%,  75%);}.shortcode-rand-8 .feature-box-icon { font-size: 24px; }.shortcode-rand-8 .feature-box-icon { height: 48px; width: 48px; }.shortcode-rand-8 .feature-box-icon &gt; span { line-height: 2; }.shortcode-rand-8:hover .feature-box-icon { background: none; }&quot;\" ><div class=\"feature-box-thumb\"><img loading=\"lazy\" decoding=\"async\" class=\"img-fluid squared\" src=\"https:\/\/kalegalvaniz.com\/wp-content\/uploads\/2017\/11\/mechanical-1170x694-1.jpg\" width=\"1170\" height=\"694\" alt=\"Kullan\u0131m Alanlar\u0131\" \/><\/div><!-- .feature-box-thumb --><div class=\"feature-box-title\"><h4 class=\"section-title\">Kullan\u0131m Alanlar\u0131<\/h4><\/div><!-- .feature-box-title --><div class=\"feature-box-content\">&#8211; *\u0130n\u015faat:* \u00c7elik yap\u0131 elemanlar\u0131, \u00e7itler, borular ve ba\u011flant\u0131 elemanlar\u0131 galvanizlenerek korozyondan korunur.<br \/>\n&#8211; *Otomotiv:* Otomobil \u015fasileri, egzoz sistemleri ve di\u011fer par\u00e7alar galvanizlenir.<br \/>\n&#8211; *Elektrik ve Elektronik:* Elektrik direkleri, kablo kanallar\u0131 ve ba\u011flant\u0131 kutular\u0131 galvaniz kaplama ile korunur.<br \/>\n&#8211; *Ev ve Bah\u00e7e \u00dcr\u00fcnleri:* D\u0131\u015f mekan mobilyalar\u0131, bah\u00e7e aletleri ve \u00e7\u00f6p kutular\u0131 gibi \u00fcr\u00fcnlerde galvaniz kullan\u0131l\u0131r.<\/div><!-- .feature-box-content --><\/div><!-- .feature-box-wrapper -->[\/vc_column_inner][vc_column_inner offset=&#8221;vc_col-lg-4 vc_col-md-4&#8243;]<div class=\"feature-box-wrapper feature-box-style-1 text-left shortcode-rand-9 induzy-inline-css\" data-css=\"&quot;.shortcode-rand-9.feature-box-wrapper {background: -moz-linear-gradient(141deg,  0%,  51%,  75%);\\r\\n\\t\\t\\t\\tbackground: -webkit-linear-gradient(141deg,  0%,  51%,  75%);\\r\\n\\t\\t\\t\\tbackground: linear-gradient(141deg,  0%,  51%,  75%);}.shortcode-rand-9 .feature-box-icon { font-size: 24px; }.shortcode-rand-9 .feature-box-icon { height: 48px; width: 48px; }.shortcode-rand-9 .feature-box-icon &gt; span { line-height: 2; }.shortcode-rand-9:hover .feature-box-icon { background: none; }&quot;\" ><div class=\"feature-box-thumb\"><img loading=\"lazy\" decoding=\"async\" class=\"img-fluid squared\" src=\"https:\/\/kalegalvaniz.com\/wp-content\/uploads\/2017\/11\/petrol-1170x694-1.jpg\" width=\"1170\" height=\"694\" alt=\"Galvaniz Bak\u0131m\" \/><\/div><!-- .feature-box-thumb --><div class=\"feature-box-title\"><h4 class=\"section-title\">Galvaniz Bak\u0131m<\/h4><\/div><!-- .feature-box-title --><div class=\"feature-box-content\">Galvanizli y\u00fczeylerin bak\u0131m gereksinimi d\u00fc\u015f\u00fckt\u00fcr, ancak kaplaman\u0131n \u00f6mr\u00fcn\u00fc uzatmak i\u00e7in baz\u0131 \u00f6nlemler al\u0131nabilir:<br \/>\n&#8211; *Temizlik:* Galvanizli y\u00fczeyler d\u00fczenli olarak temizlenmeli ve kirden ar\u0131nd\u0131r\u0131lmal\u0131d\u0131r.<br \/>\n&#8211; *Hasar Onar\u0131m\u0131:* \u00c7inko kaplaman\u0131n zarar g\u00f6rmesi durumunda, hasarl\u0131 b\u00f6lgeye \u00f6zel onar\u0131m kaplamalar\u0131 uygulanabilir.<\/div><!-- .feature-box-content --><\/div><!-- .feature-box-wrapper -->[\/vc_column_inner][\/vc_row_inner][\/vc_column][\/vc_row]<\/p>\n<\/div>","protected":false},"excerpt":{"rendered":"<p>[vc_row css=&#8221;.vc_custom_1529474505738{margin-top: -85px !important;padding-top: 0px !important;padding-right: 15px !important;padding-bottom: 0px !important;padding-left: 15px !important;}&#8221; el_class=&#8221;sep-content&#8221;][vc_column width=&#8221;1\/3&#8243; css=&#8221;.vc_custom_1527858277658{padding-top: 40px !important;padding-right: 20px !important;padding-bottom: 40px !important;padding-left: 20px !important;background-image: url(https:\/\/kalegalvaniz.com\/wp-content\/uploads\/2018\/06\/feature-1.jpg?id=3010) !important;background-position: center !important;background-repeat: no-repeat !important;background-size: cover !important;}&#8221;][\/vc_column][vc_column width=&#8221;1\/3&#8243; css=&#8221;.vc_custom_1527858310122{padding-top: 40px !important;padding-right: 20px !important;padding-bottom: 40px !important;padding-left: 20px !important;background-image: url(https:\/\/kalegalvaniz.com\/wp-content\/uploads\/2018\/06\/feature-2.jpg?id=3011) !important;background-position: center !important;background-repeat: no-repeat !important;background-size: cover !important;}&#8221;][\/vc_column][vc_column width=&#8221;1\/3&#8243; css=&#8221;.vc_custom_1527858339135{padding-top: 40px !important;padding-right: 20px !important;padding-bottom:<\/p>\n","protected":false},"author":1,"featured_media":0,"parent":0,"menu_order":0,"comment_status":"closed","ping_status":"closed","template":"","meta":{"footnotes":""},"class_list":["post-3262","page","type-page","status-publish","hentry"],"_links":{"self":[{"href":"https:\/\/kalegalvaniz.com\/index.php\/wp-json\/wp\/v2\/pages\/3262","targetHints":{"allow":["GET"]}}],"collection":[{"href":"https:\/\/kalegalvaniz.com\/index.php\/wp-json\/wp\/v2\/pages"}],"about":[{"href":"https:\/\/kalegalvaniz.com\/index.php\/wp-json\/wp\/v2\/types\/page"}],"author":[{"embeddable":true,"href":"https:\/\/kalegalvaniz.com\/index.php\/wp-json\/wp\/v2\/users\/1"}],"replies":[{"embeddable":true,"href":"https:\/\/kalegalvaniz.com\/index.php\/wp-json\/wp\/v2\/comments?post=3262"}],"version-history":[{"count":7,"href":"https:\/\/kalegalvaniz.com\/index.php\/wp-json\/wp\/v2\/pages\/3262\/revisions"}],"predecessor-version":[{"id":3400,"href":"https:\/\/kalegalvaniz.com\/index.php\/wp-json\/wp\/v2\/pages\/3262\/revisions\/3400"}],"wp:attachment":[{"href":"https:\/\/kalegalvaniz.com\/index.php\/wp-json\/wp\/v2\/media?parent=3262"}],"curies":[{"name":"wp","href":"https:\/\/api.w.org\/{rel}","templated":true}]}}